mine z(4).
159
Let d(n) = -2*n**2 - 144*n + 2609. What is d(15)?
-1
Let j(f) = -2*f**3 + 40*f**2 - 18*f - 41. Determine j(20).
-401
Let k(o) = 418*o - 11287. Calculate k(27).
-1
Let p(z) = z**2 + z - 24. Calculate p(-10).
66
Let l(k) = -2*k**3 + 112*k**2 - 102*k - 436. What is l(55)?
4
Let j(w) = -85*w + 1690. Determine j(20).
-10
Let w(b) = b**3 - 9*b**2 - 102*b + 112. What is w(15)?
-68
Let z(i) = 6394*i + 25582. Calculate z(-4).
6
Let w(r) = -32*r - 7. Give w(0).
-7
Let h(n) = -71*n**3 + 3*n + 3. Determine h(-1).
71
Let r(q) = -138*q - 2676. Calculate r(-20).
84
Let o(h) = -h**3 + 6*h**2 + 93*h - 34. Give o(10).
496
Let i(a) = -a**3 - 22*a**2 + a - 168. What is i(-22)?
-190
Let m(x) = -x**2 + 3*x + 328. Give m(-14).
90
Let p(l) = -200*l - 27800. What is p(-139)?
0
Let h(o) = o**3 - 14*o**2 - 10*o - 57. Calculate h(15).
18
Let v(h) = 3*h**2 + 74*h - 1230. Determine v(-36).
-6
Let q(l) = -l**2 - 49*l - 488. Calculate q(-39).
-98
Let t(k) = 7837*k + 39191. Determine t(-5).
6
Let i(q) = q**3 - 33*q**2 - 45*q - 81. Give i(34).
-455
Let d(a) = 6*a**3 + 2*a**2 + 44*a + 44. Calculate d(-1).
-4
Let a(b) = 550*b - 4943. Give a(9).
7
Let o(k) = -k**3 - 23*k**2 - 30*k - 1294. What is o(-24)?
2
Let u(t) = t**2 + 68*t + 685. What is u(-14)?
-71
Let o(t) = 3*t**3 + 5*t**2 - 11*t - 18. Give o(-3).
-21
Let q(s) = 4*s**3 + 189*s**2 + 1017*s - 326. Give q(-41).
2
Let v(r) = -r**2 - 11*r + 43. Determine v(-11).
43
Let x(j) = j**3 + 33*j**2 - 149*j + 10. Give x(4).
6
Let g(j) = -j**3 - 65*j**2 + 40*j - 1713. What is g(-66)?
3
Let q(u) = -8*u**3 + u**2 + 3*u + 1. Give q(4).
-483
Let y(g) = 3*g**3 - 12*g**2 + 3*g - 98. Give y(5).
-8
Let y(a) = 2*a**2 + 125*a - 200. Give y(-64).
-8
Let w(z) = z**3 - 97*z**2 + 2278*z + 118. What is w(57)?
4
Let z(a) = -26*a - 39. What is z(4)?
-143
Let y(a) = -a**3 + 14*a**2 - 14*a + 162. Give y(14).
-34
Let z(i) = -i**3 - 6*i**2 + 18. Determine z(3).
-63
Let t(g) = g**2 + 22*g + 23. Give t(-18).
-49
Let h(p) = -722*p - 19536. Give h(-27).
-42
Let x(b) = -56*b - 671. Calculate x(-12).
1
Let q(d) = d**3 + 11*d**2 - 65*d - 513. Calculate q(-13).
-6
Let m(a) = 2*a**3 - 7*a**2 + 40*a - 71. Calculate m(2).
-3
Let t(j) = 27*j - 76. What is t(2)?
-22
Let s(r) = -12*r**3 - 83*r**2 + 30*r + 151. Determine s(-7).
-10
Let n(o) = -5*o - 155. What is n(15)?
-230
Let m(u) = 5*u**2 - 58*u - 2. What is m(12)?
22
Let g(v) = 42*v + 148. Calculate g(-8).
-188
Let m(a) = a**3 + 92*a**2 + 976*a + 1280. Calculate m(-80).
0
Let r(t) = -30*t**2 - 631*t - 22. Give r(-21).
-1
Let j(n) = -1167*n + 5834. Determine j(5).
-1
Let t(o) = o**3 + 2*o**2 - 18*o + 17. Calculate t(2).
-3
Let c(y) = -24*y + 352. Determine c(17).
-56
Let m(y) = -2*y**3 + 3*y**2 + 7*y - 16. Determine m(5).
-156
Let g(o) = -22*o**3 + 3*o**2 + 6*o + 3. What is g(-1)?
22
Let b(k) = -314*k - 7494. Calculate b(-24).
42
Let t(n) = n**3 - 32*n**2 + 185*n + 32. Determine t(24).
-136
Let o(i) = -i**2 + 45*i - 447. Give o(13).
-31
Let l(t) = -t**3 - 9*t**2 - 16*t + 57. Determine l(-7).
71
Let o(j) = -192*j + 1209. Calculate o(7).
-135
Let x(y) = -y**2 - 28*y + 71. What is x(6)?
-133
Let c(r) = -15*r**2 - 248*r - 126. Give c(-16).
2
Let k(m) = m**2 - 25*m + 2. Determine k(6).
-112
Let y(d) = 91*d + 399. Determine y(-10).
-511
Let l(r) = -6*r**2 - 44*r + 341. Determine l(7).
-261
Let x(s) = 49*s - 919. Calculate x(21).
110
Let v(o) = o**2 - 76*o + 1321. Give v(27).
-2
Let o(s) = s**2 - 137*s - 270. What is o(-2)?
8
Let d(k) = -k**3 - k**2 + 58*k + 22. What is d(-8)?
6
Let w(y) = -48*y + 712. Give w(18).
-152
Let y(b) = -39*b**2 - 1758*b + 35. Determine y(-45).
170
Let d(p) = 11*p**2 + 13*p + 45. Determine d(-3).
105
Let i(j) = 369*j - 3705. Determine i(10).
-15
Let x(q) = 2*q**3 + 19*q**2 + 17*q - 65. What is x(-8)?
-9
Let y(z) = -2*z**3 + 8*z**2 + 17*z + 22. What is y(6)?
-20
Let a(b) = b + 74. Determine a(-8).
66
Let l(b) = -6*b**2 + 42*b - 81. Give l(2).
-21
Let o(l) = -2*l**2 - 14*l + 44. Calculate o(-11).
-44
Let q(c) = 3*c**2 - 15*c + 127. What is q(7)?
169
Let m(o) = -42*o + 641. What is m(24)?
-367
Let q(d) = -d**3 - 32*d**2 + 274*d - 1830. What is q(-40)?
10
Let o(s) = 15*s**2 + 10*s + 33. Calculate o(-3).
138
Let m(n) = -4*n**2 + 7*n - 3. Calculate m(6).
-105
Let c(r) = 262*r - 795. Determine c(3).
-9
Let v(q) = 217*q**2 + 3475*q + 51. Give v(-16).
3
Let q(b) = b**3 - 12*b**2 - 45*b - 7. Calculate q(15).
-7
Let h(n) = -113*n - 431. Determine h(-4).
21
Let v(b) = -b**3 - 21*b**2 + 29*b + 162. Give v(-22).
8
Let y(r) = -2*r**3 + 18*r**2 - 16*r - 14. Calculate y(8).
-14
Let k(o) = -o**3 - o**2 + 77*o + 9. What is k(8)?
49
Let o(s) = s**3 - 42*s - 46. Determine o(-6).
-10
Let n(a) = -a**2 + 4*a - 258. Calculate n(13).
-375
Let p(q) = -2*q**3 - 67*q**2 - 30*q + 97. What is p(-33)?
-2
Let k(z) = 13*z**2 + 2110*z - 1439. Determine k(-163).
28
Let s(k) = 24*k - 812. Give s(34).
4
Let n(f) = 16*f - 46. Give n(12).
146
Let p(b) = 21*b - 1329. What is p(61)?
-48
Let t(y) = 11*y**2 + 125*y + 127. Give t(-1).
13
Let p(t) = 4*t**3 + 84*t**2 - 91*t - 70. Calculate p(-22).
-4
Let t(g) = 304*g + 1090. Calculate t(-4).
-126
Let v(d) = -d**3 - 9*d**2 - 22*d + 13. Determine v(-5).
23
Let a(n) = 1123*n - 23567. Determine a(21).
16
Let u(q) = -78*q + 12294. Determine u(158).
-30
Let r(j) = -3*j**2 - 855*j - 3392. Give r(-4).
-20
Let p(n) = -178*n + 5699. What is p(32)?
3
Let t(z) = 2198*z - 8809. Determine t(4).
-17
Let q(k) = k**2 - 13*k + 18. Give q(14).
32
Let l(u) = 83*u - 411. Give l(5).
4
Let q(c) = 7*c**3 - 192*c**2 + 201*c - 8. Give q(1).
8
Let q(x) = -x**3 + 23*x**2 - 140*x + 106. Give q(10).
6
Let m(o) = 133*o**2 + 11*o + 12. What is m(-2)?
522
Let b(k) = -7*k + 424. What is b(58)?
18
Let n(u) = u**3 - 9*u**2 + 31*u - 8. Give n(4).
36
Let u(w) = -44*w - 483. Give u(-18).
309
Let z(f) = -39*f + 502. Give z(13).
-5
Let i(p) = 13*p**2 + 44*p - 23. Give i(-4).
9
Let d(u) = u**2 - 385*u + 30244. Give d(275).
-6
Let d(g) = g**2 - 48*g - 49. Calculate d(49).
0
Let n(s) = 2*s**3 - 54*s**2 + 321*s + 36. Calculate n(9).
9
Let r(l) = l**3 - 28*l**2 + 192*l + 77. Give r(14).
21
Let o(w) = -w**3 + 33*w**2 - 88*w - 4. Give o(3).
2
Let c(p) = -4*p**2 + 33*p + 732. What is c(-16)?
-820
Let g(z) = 3*z**2 + 94*z + 50. Give g(-29).
-153
Let t(k) = 1505*k + 21087. Give t(-14).
17
Let s(a) = -12*a - 106. Calculate s(-18).
110
Let h(z) = z**3 + 15*z**2 - 16*z + 21. Give h(-16).
21
Let h(t) = t**2 + 86*t + 776. What is h(-10)?
16
Let t(y) = -2*y**2 + 44*y - 177. What is t(5)?
-7
Let t(g) = g**3 + 15*g**2 - 129*g - 50. Determine t(-21).
13
Let i(u) = u**3 - 49*u**2 + 539*u + 61. Determine i(17).
-24
Let j(u) = -440*u - 7037. What is j(-16)?
3
Let u(z) = -3594*z + 21566. Calculate u(6).
2
Let g(a) = 2*a**2 + 58*a - 48. Calculate g(-27).
-156
Let g(q) = q**3 + 43*q**2 + 126*q + 245. Give g(-40).
5
Let o(f) = f**3 + 9*f**2 - 27*f - 233. Calculate o(-9).
10
Let h(v) = -284*v - 65561. Determine h(-231).
43
Let y(i) = -2*i**3 - i**2 + 664*i + 40. Give y(18).
4
Let s(o) = 1244*o - 1189. Give s(1).
55
Let n(t) = -2*t**2 - 9*t + 45. Give n(-9).
-36
Let r(i) = 61*i**2 + 5*i. Give r(1).
66
Let b(o) = o**3 + 12*o**2 + 35*o - 18. Give b(-8).
-42
Let j(m) = -3*m**3 - 224*m**2 + 306*m + 167. Calculate j(-76).
15
Let g(f) = 257*f + 10024. Give g(-39).
1
Let i(b) = -8*b**2 + 29*b + 7. Determine i(-2).
-83
Let m(p) = 78*p + 2488. What is m(-32)?
-8
Let r(x) = -11*x - 151. Calculate r(-11).
-30
Let t(o) = 8*o - 326. Give t(-43).
-670
Let f(n) = n**3 + 10*n**2 + 17*n + 2. Determine f(-5).
42
Let i(o) = -4*o**3 + 11*o**2 - 271*o + 822. Give i(3).
0
Let s(g) = g**3 + 165*g**2 + 1833*g + 8. Determine s(-12).
44
Let s(p) = -338*p + 11. Calculate s(0).
11
Let a(r) = -8*r - 496. What is a(-15)?
-376
Let h(m) = 260*m - 2634. What is h(10)?
-34
Let p(f) = -f**3 - 54*f**2 + 4*f + 166. Give p(-54).
-50
Let b(f) = 14*f - 5. What is b(-5)?
-75
Let k(v) = 422*v - 841. Determine k(2).
3
Let l(m) = -115*m**2 - 3*m + 3. Determine l(-1).
-109
Let a(l) = 66*l**2 - 1775*l - 118. Give a(27).
71
Let u(t) = 6*t - 64. What is u(-15)?
-154
Let s(l) = -81*l + 1180. Calculate s(18).
-278
Let i(u) = 74*u - 1754. What is i(25)?
96
Let g(x) = 6*x**3 + 17*x**2 - 2*x + 2. Calculate g(3).
311
Let s(v) = -v**2 - 198*v - 9315. What is s(-77)?
2
Let o(p) = -3*p**3 - 367*p**